 be d(-2). Let z = x - -22. What is the units digit of z?
1
Suppose l - 6*b - 68 = -2*b, -l = b - 93. What is the units digit of l?
8
Let m = 182 - 83. What is the tens digit of m?
9
Let w(x) = 2*x**2 + 2*x - 3. Let q be w(-3). Suppose 0 = 17*n - 15*n - 12. Let j = n + q. What is the units digit of j?
5
Let v be 4 - -2*(-1)/(-2). Suppose -c + 1 = -v. What is the units digit of c?
6
Let r = 441 + -298. What is the units digit of r?
3
Suppose -13 + 19 = 3*p. What is the units digit of p?
2
Let y = 29 + -16. What is the units digit of y?
3
Let p(r) = -4*r - 1. Let a be p(-3). Let c be (-2)/(-4)*(-4 - -4). Suppose a = -c*x + x. What is the tens digit of x?
1
What is the units digit of -3 - ((1 - -2) + -42)?
6
Suppose -5*s + 9*s = 168. What is the units digit of s?
2
Suppose 4*c = w - 81, 0 = -w + 5*w - 2*c - 254. What is the tens digit of w?
6
Let j(b) be the first derivative of -b**5/60 + b**4/4 + 5*b**3/6 - b**2 - 2. Let x(c) be the second derivative of j(c). What is the tens digit of x(5)?
1
Let y(n) = n**2 + 2*n + 2. Let s be y(4). Let b = -13 + s. What is the units digit of b?
3
Let t be (-2)/6 - 392/12. What is the units digit of t/2*8/(-12)?
1
Suppose b + 7 = 4*w + 4, 5*b + 15 = -4*w. Suppose 0*s - 4*s - 5*r = -49, w = -3*r + 3. What is the tens digit of s?
1
Suppose -n = -5*f + 22, -3*n - 3*f = -0*n - 24. Suppose -12 + n = -3*m. What is the units digit of m?
3
Let x(m) be the second derivative of -m**5/20 + m**4/3 - m**3/3 + m**2 - 3*m. Let n be x(4). Let i = n + 12. What is the units digit of i?
6
Let a be (-10)/4*12/(-30). Let q be 12 + a*4/2. Let c = -4 + q. What is the tens digit of c?
1
Suppose -10 - 5 = -3*a. Suppose 2*v = -5*b + 28, -a*v = 2*b - 1 - 27. Suppose -b*q + 0*q + 24 = 0. What is the units digit of q?
6
Suppose -3*i + 55 = 2*i. Suppose k + 0*k - i = 0. What is the units digit of k?
1
What is the units digit of (-46)/(-253) - 1604/(-11)?
6
Let f be (0/(0 - -1))/2. Suppose -2*o + 6 = -f*o. Suppose 3*l = -l - x + 43, -o*l + 5*x = -15. What is the tens digit of l?
1
Let s(z) = 2 - 4*z + 0*z + 2*z**2 + 6*z**3 - 3*z**3. What is the tens digit of s(2)?
2
Let u(v) = -v + 5. Suppose -2*p + 16 = 2*d, d - 17 = -0*d - 4*p. Let g be u(d). Let m = g - -4. What is the units digit of m?
4
Let l = -186 - -292. What is the units digit of l?
6
Let q = -2 + 0. Let k = 10 - q. What is the tens digit of k?
1
Suppose 3*u + 0 = 6. Suppose -26 = -4*r + u*k, 0 = -r - 3*k + 3 - 7. Let y = r + 3. What is the units digit of y?
8
What is the units digit of 7/(-1)*4/(-14)?
2
Let z(a) = 0*a**3 - 3*a**2 + 3 + 4*a**3 - 5*a**3 - 2*a**2. Let n be 1/(-1*(-1)/(-5)). What is the units digit of z(n)?
3
Let h(u) = u**2 + 7*u + 2. Let f be h(-3). Let x be f/(-4)*(4 - 2). Suppose 0 = -5*l + x*n + 15, 4*l - 2 = n - 2*n. What is the units digit of l?
1
Let i(x) = 33*x**2 + 5*x + 4. What is the units digit of i(-1)?
2
Suppose 207 + 593 = 4*f. What is the units digit of f?
0
Suppose -3*d = -c - 396, -4*c - 134 = -d - 2. What is the hundreds digit of d?
1
Suppose -3*j - 1 + 7 = 0. Let o be (-13)/3 - (-1)/3. What is the units digit of (2/j)/((-2)/o)?
2
Let g(l) = 11*l - 4 - 11*l**2 - 2*l + l**3 + 2*l. What is the units digit of g(10)?
6
Let q be (0/(-4))/(1 + -3). Let l = q - -4. Suppose -l = -t - 1. What is the units digit of t?
3
Let y(x) = 5*x + 9. What is the tens digit of y(4)?
2
Let d be (3 - 1)*-3*-1. Let w = 0 - 0. Suppose w = -4*y + 38 + d. What is the units digit of y?
1
Let h be (-2)/(-3) + 2750/(-30). Let p = h + 132. What is the tens digit of p?
4
Let a(d) = d + 6. Let v be a(-4). Suppose 0 = -n + 2, -y + 11 = 4*n - v. Suppose -y*w + 30 + 25 = 0. What is the tens digit of w?
1
Suppose 4*h = -c + 202, 5*c = -5*h - 0*c + 245. What is the units digit of h?
1
Suppose -55 + 15 = 4*i. Let o = 18 + i. What is the units digit of o?
8
Suppose 4*q = 5*u + 3, -5 = 3*q + 5*u - 16. Suppose 15 = -q*t + 3*y, -5*t - 16 - 9 = 5*y. What is the tens digit of 2/(t/(-33)) - -1?
1
Let s = 56 + 1. What is the tens digit of s?
5
Let f = -12 - -14. Let h(n) = 4*n + 3. What is the tens digit of h(f)?
1
Suppose z = -2*z + 174. What is the tens digit of z?
5
Let r(m) = -m**3 + 8*m**2 - 10*m + 6. Let i = 14 - 8. What is the tens digit of r(i)?
1
Let m(c) = -c**2 + 1. Let v be m(-3). Let i = 22 - v. What is the tens digit of i?
3
Suppose -601 = -3*j + 4*h + 19, -4*j = -5*h - 826. What is the tens digit of j?
0
Let i = 202 + -87. What is the units digit of i?
5
Let o(f) = -f**2 + 9*f - 10. Let m be o(7). Suppose m*h = 48 + 8. Suppose -2*x + 4*x = h. What is the units digit of x?
7
Let y = 177 + -148. What is the tens digit of y?
2
Let n = 9 - 7. Let a be n/(-9) - (-4038)/(-54). What is the units digit of ((-4)/5)/(6/a)?
0
Let l(z) = -z - 2. Let m be l(13). Let y = 21 - m. What is the tens digit of y?
3
Let a(y) = y - 7. Let i(k) = k**2 + 7*k - 13. Let n be i(-9). Let v be a(n). Let f = v - -8. What is the units digit of f?
6
What is the units digit of (147/(-28))/(3/(-16))?
8
Suppose -5*u + 2 = -4*u. Let k(q) = -q**2 - 5*q + 4. Let i be k(-6). What is the units digit of (u + 2)*(i + 3)?
4
Suppose y = -0*d + d + 38, 4*d + 80 = 2*y. What is the tens digit of y?
3
Let i = 71 - 32. What is the units digit of i?
9
Let p(z) = -7*z**2 + 3*z - 5. Let l(j) = -11*j**2 + 5*j - 8. Let v(s) = -5*l(s) + 8*p(s). Let a be v(0). Suppose a = h + h - 18. What is the units digit of h?
9
Let k(g) = 9*g**2 + g**3 + 4 - 9 + 4*g - 4 + 0*g**3. What is the units digit of k(-8)?
3
What is the tens digit of 1827/28 + 2/(-8)?
6
Suppose 4*g - 2*l - 479 = -l, 3*g + 2*l = 351. What is the units digit of g?
9
Let b(c) = 6*c**2 - 4. Let k be b(-3). Let d(w) = -w**2 + 7*w - 6. Let p be d(5). Suppose g = -p*g + k. What is the tens digit of g?
1
Suppose 4*g = 5*w + g - 15, 4*w - 19 = g. Let m(j) = -j**2 + 6*j - 5. Let o be m(w). What is the units digit of (3 - 0)*o/(-3)?
5
Let n(s) be the second derivative of 5*s**4/6 - s**3/2 + s**2/2 - 5*s. What is the units digit of n(2)?
5
Suppose -3*d + 74 = 3*l - 25, -4*d = -2*l - 108. Let u = -7 + 10. Suppose u*s - d = -8. What is the units digit of s?
7
What is the units digit of (21/(-5))/(1/(-5))?
1
Let q(f) be the third derivative of 0 + 0*f - 3*f**2 - 1/6*f**3 + 5/24*f**4. What is the units digit of q(1)?
4
Let j(l) = -5*l**3 - 4*l**2 + 1. Let s(w) = -w**3 + w**2 - 1. Let u(p) = j(p) - 6*s(p). Suppose -q + 2*q - 10 = 0. What is the units digit of u(q)?
7
Suppose -5*a = -5, -4*c - 5*a + 33 = -0*c. Suppose 0 = -3*t + c*t + 52. Let i = t - -26. What is the units digit of i?
3
Let p(r) = -r**3 + 9*r**2 + r - 6. Let l be p(9). Suppose -4*h - l = -11. What is the units digit of h?
2
Let o = -241 - -581. What is the tens digit of o?
4
Suppose 0 = -3*i - 5*l - 76, l = -i - 19 - 9. Let b(q) = -q**3 - 6*q**2 + 2*q + 9. Let r be b(-6). What is the tens digit of r/((-18)/i)*-3?
1
Suppose 4*c - 227 + 59 = 0. Suppose 4*v + 5*g - c = 11, -g = -v + 2. What is the units digit of v?
7
Let d(s) be the first derivative of -s**3/3 - 5*s**2 + 4*s + 2. Let o be d(-10). Suppose -6*y = o*i - y - 26, 3*i + 2*y = 23. What is the units digit of i?
9
Suppose 3*l + 8 = -l. Let z = -6 - l. What is the units digit of 2/z + (-30)/(-4)?
7
Suppose 0 = 5*h - 2*g + 9, 6*h - 2*h - 5*g = -14. Let w = h + -2. Let a = -1 - w. What is the units digit of a?
2
What is the tens digit of (2 - (-76)/(-8))*-2?
1
Let t(m) = -m - 5. Let r be t(-7). Let h = 1 - r. Let b = h - -3. What is the units digit of b?
2
What is the units digit of (-4)/(40/(-15) + 2)?
6
Let v(k) = 4*k**2 - k. Let g be v(-1). Let n = g + -3. Suppose -j + 24 = n*j. What is the units digit of j?
8
Suppose 0 = -5*j - 128 + 328. What is the units digit of j?
0
Let z = -12 + 21. What is the tens digit of 3/z - 59/(-3)?
2
Let m = -32 + 12. Let k = m - -62. What is the tens digit of k?
4
Let i(r) = -r**2 - 11*r. Let a be i(-10). Let o = -17 - a. What is the units digit of o/(-2)*(-2)/(-3)?
9
Let f(m) be the third derivative of m**4/24 - 3*m**3/2 + 6*m**2. Suppose -2*l = -2*v + 30, 2*l - 10 = -2*v - l. What is the units digit of f(v)?
2
Suppose 0 = -z - 3*z + 12. Suppose o + z*o + 16 = 0. Let h = o - -7. What is the units digit of h?
3
Let y(p) = 0*p + 0*p**2 - 7*p + 7 + p**2. What is the units digit of y(7)?
7
Let w be 15*((-33)/(-15) + -1). Suppose 48 = 5*z 